ighest common factor of 3601 and 2089411?
277
What is the highest common factor of 69509 and 178?
89
Calculate the highest common factor of 1226005 and 165.
55
What is the highest common factor of 1836 and 5253?
51
Calculate the greatest common factor of 360 and 425592.
72
Calculate the highest common divisor of 21 and 11697.
21
Calculate the highest common factor of 121 and 29557.
11
What is the highest common factor of 28 and 45836?
28
Calculate the greatest common divisor of 71680 and 10640.
560
Calculate the greatest common factor of 12730 and 603.
67
What is the greatest common divisor of 7139 and 1815?
121
Calculate the greatest common factor of 589 and 3781.
19
Calculate the greatest common divisor of 65518 and 188.
94
What is the highest common divisor of 2140 and 749535?
535
Calculate the greatest common factor of 48791 and 1006.
503
What is the highest common factor of 119483 and 325?
13
What is the highest common factor of 30426 and 132?
66
What is the highest common factor of 111 and 36889?
37
Calculate the highest common divisor of 273 and 121719.
39
What is the greatest common divisor of 73622 and 131?
131
Calculate the greatest common divisor of 262510 and 20.
10
Calculate the highest common divisor of 120 and 7888.
8
Calculate the highest common factor of 93355 and 5.
5
Calculate the greatest common divisor of 10448 and 368.
16
What is the highest common factor of 177 and 1022175?
177
Calculate the greatest common divisor of 5916 and 3712.
116
What is the greatest common divisor of 1194153 and 129?
129
What is the highest common divisor of 381106 and 88?
22
What is the greatest common factor of 151 and 1110001?
151
What is the greatest common factor of 699 and 1203?
3
What is the highest common divisor of 3188 and 196?
4
Calculate the highest common factor of 813873 and 213.
213
Calculate the greatest common divisor of 851107 and 365.
73
What is the greatest common divisor of 366 and 8967?
183
Calculate the greatest common divisor of 11081 and 70.
7
Calculate the highest common divisor of 157392 and 2736.
144
What is the greatest common factor of 312675 and 5?
5
Calculate the highest common divisor of 364 and 1017848.
52
Calculate the highest common divisor of 9609449 and 3734.
1867
What is the greatest common divisor of 33048 and 2040?
408
Calculate the highest common factor of 652 and 288.
4
Calculate the greatest common factor of 53303 and 706.
353
What is the greatest common divisor of 34822 and 322?
46
Calculate the highest common divisor of 11928 and 923.
71
Calculate the highest common divisor of 30280 and 50.
10
Calculate the highest common divisor of 3267 and 2376.
297
What is the greatest common factor of 144 and 423888?
48
Calculate the greatest common factor of 57470 and 9660.
70
Calculate the greatest common factor of 289017 and 357.
51
What is the greatest common divisor of 44175 and 186?
93
Calculate the highest common factor of 3496 and 19076.
76
Calculate the greatest common divisor of 532 and 99028.
76
Calculate the highest common divisor of 351 and 67626.
117
What is the greatest common factor of 656415 and 29?
29
What is the greatest common divisor of 79620 and 3360?
60
What is the highest common factor of 59 and 804229?
59
Calculate the greatest common divisor of 75 and 2958825.
75
Calculate the greatest common factor of 152 and 10298.
38
Calculate the highest common divisor of 7920 and 3840.
240
Calculate the highest common divisor of 582284 and 17.
17
Calculate the highest common divisor of 88 and 462066.
22
What is the highest common factor of 8520 and 480?
120
What is the greatest common factor of 2200 and 10600?
200
Calculate the greatest common factor of 32849 and 153807.
307
What is the greatest common divisor of 2750 and 473?
11
What is the greatest common divisor of 11 and 16113493?
11
What is the greatest common factor of 4992 and 5226?
78
What is the highest common divisor of 206 and 200438?
206
What is the highest common divisor of 14018 and 25754?
326
Calculate the highest common divisor of 7783 and 4171.
43
Calculate the greatest common factor of 9016 and 1472.
184
Calculate the greatest common factor of 1344 and 21.
21
What is the greatest common divisor of 53449 and 6149?
473
What is the highest common factor of 37840 and 270040?
1720
What is the greatest common factor of 702 and 110227?
13
Calculate the greatest common factor of 136 and 89.
1
Calculate the greatest common factor of 63 and 4039.
7
What is the highest common divisor of 1687 and 2169?
241
Calculate the highest common divisor of 1920055 and 137.
137
Calculate the highest common factor of 2187 and 7533.
243
Calculate the highest common divisor of 15150 and 600.
150
Calculate the highest common factor of 697 and 22032.
17
What is the highest common divisor of 70 and 2135?
35
What is the highest common divisor of 228779 and 38?
19
Calculate the highest common divisor of 3028 and 88.
4
Calculate the highest common factor of 9588 and 85.
17
Calculate the greatest common factor of 18491 and 77.
11
Calculate the greatest common factor of 104703 and 2652.
51
Calculate the highest common divisor of 43056 and 864.
144
Calculate the highest common factor of 162 and 4230576.
54
What is the greatest common factor of 377442 and 9?
9
Calculate the highest common divisor of 625 and 179075.
25
What is the greatest common factor of 2703386 and 84?
14
What is the greatest common divisor of 2024 and 189068?
44
What is the highest common factor of 22675 and 2575?
25
What is the greatest common factor of 2476 and 128?
4
Calculate the highest common divisor of 26 and 335933.
13
Calculate the highest common factor of 665 and 307895.
665
What is the greatest common factor of 12 and 40323?
3
What is the highest common factor of 1197 and 1045?
19
Calculate the highest common factor of 96 and 1770.
6
Calculate the greatest common factor of 13 and 1454.
1
What is the greatest common factor of 458656 and 32?
32
What is the highest common factor of 30 and 2854570?
10
Calculate the greatest common factor of 10710 and 149226.
714
Calculate the greatest common factor of 22 and 207724.
22
What is the highest common divisor of 6397247 and 97?
97
Calculate the greatest common factor of 244 and 453840.
244
Calculate the greatest common divisor of 5053615 and 245.
245
What is the highest common divisor of 1604 and 230575?
401
Calculate the highest common factor of 2 and 409127.
1
Calculate the highest common divisor of 1038042 and 4.
2
What is the highest common factor of 1356 and 160234?
226
What is the highest common factor of 1509 and 1886753?
503
What is the highest common factor of 564 and 2748?
12
Calculate the greatest common factor of 117 and 5837.
13
What is the highest common divisor of 39 and 4294134?
39
Calculate the greatest common divisor of 40140 and 990.
90
Calculate the highest common factor of 308 and 2128588.
308
What is the greatest common divisor of 36750 and 650?
50
Calculate the greatest common factor of 1150665 and 60.
15
What is the highest common factor of 36 and 111780?
36
Calculate the greatest common factor of 33564 and 88.
4
What is the greatest common divisor of 35 and 1168335?
35
Calculate the greatest common factor of 30 and 29910.
30
What is the highest common divisor of 172 and 332?
4
Calculate the greatest common divisor of 98715 and 105.
15
What is the greatest common factor of 1055263 and 6402?
1067
Calculate the greatest common divisor of 330 and 5126.
22
Calculate the highest common factor of 4385 and 2080244.
877
Calculate the greatest common factor of 11341 and 77.
11
Calculate the highest common factor of 1107455 and 6405.
305
Calculate the highest common factor of 34 and 3026306.
34
What is the highest common factor of 3075634 and 62?
62
What is the highest common factor of 22162 and 14?
14
Calculate the highest common divisor of 119880 and 1800.
360
Calculate the highest common factor of 46 and 420141.
23
Calculate the highest common factor of 194028 and 57.
57
Calculate the highest common divisor of 75604 and 410.
82
Calculate the greatest common factor of 60 and 39930.
30
Calculate the highest common divisor of 164 and 125870.
82
Calculate the greatest common factor of 14 and 75173.
7
Calculate the greatest common 